e prime factors of 2663332.
2, 7, 73, 1303
What are the prime factors of 4563637198?
2, 2281818599
List the prime factors of 147752440.
2, 5, 11, 17, 19753
List the prime factors of 43765218.
2, 3, 7, 115781
List the prime factors of 106693270.
2, 5, 61, 174907
List the prime factors of 2732671926.
2, 3, 37, 73, 56207
List the prime factors of 845820698.
2, 1447, 292267
What are the prime factors of 1381081219?
7, 28185331
What are the prime factors of 3745763988?
2, 3, 439, 711041
List the prime factors of 38562872.
2, 59, 81701
What are the prime factors of 126693671?
13, 107, 91081
List the prime factors of 2760266682.
2, 3, 197, 778417
List the prime factors of 204957896.
2, 11, 13, 97, 1847
What are the prime factors of 468971737?
13, 19, 109, 17419
What are the prime factors of 481063940?
2, 5, 7, 3436171
What are the prime factors of 8390696216?
2, 7, 149833861
List the prime factors of 21515014.
2, 10757507
List the prime factors of 124172872.
2, 47, 330247
What are the prime factors of 1403851541?
6709, 209249
What are the prime factors of 223114950?
2, 3, 5, 23, 21557
What are the prime factors of 84307738?
2, 42153869
What are the prime factors of 202861414?
2, 7, 79, 149, 1231
What are the prime factors of 5537701?
13, 425977
List the prime factors of 1707353043.
3, 11, 23, 2249477
What are the prime factors of 4421327767?
4421327767
List the prime factors of 28841764.
2, 7, 191, 5393
What are the prime factors of 2202561887?
2202561887
List the prime factors of 163629293.
463, 353411
List the prime factors of 34376846.
2, 7, 1567
List the prime factors of 336093924.
2, 3, 1373, 20399
List the prime factors of 937037891.
131, 7152961
List the prime factors of 62327594.
2, 7, 149, 29879
List the prime factors of 34516201.
4933, 6997
List the prime factors of 397867043.
7, 131, 137, 3167
List the prime factors of 14596618.
2, 127, 57467
List the prime factors of 808846190.
2, 5, 80884619
What are the prime factors of 504722186?
2, 9631, 26203
List the prime factors of 2767691.
167, 16573
List the prime factors of 615118678.
2, 31, 103, 96323
What are the prime factors of 4594257332?
2, 7, 47, 3491077
What are the prime factors of 51223211?
13, 3940247
What are the prime factors of 37382925?
3, 5, 498439
What are the prime factors of 131118187?
233, 562739
What are the prime factors of 63746579?
13, 109, 44987
List the prime factors of 533863599.
3, 4079, 43627
List the prime factors of 2459697052.
2, 109, 211, 26737
List the prime factors of 5280182.
2, 421, 6271
List the prime factors of 217004510.
2, 5, 19, 1142129
List the prime factors of 36971729.
36971729
What are the prime factors of 3369559873?
3369559873
What are the prime factors of 1297254969?
3, 144139441
What are the prime factors of 433011525?
3, 5, 641, 9007
List the prime factors of 699120662.
2, 307, 509, 2237
List the prime factors of 287353833.
3, 13, 2393, 3079
What are the prime factors of 436799375?
5, 43, 16253
List the prime factors of 109471638.
2, 3, 18245273
List the prime factors of 52451594.
2, 13, 2017369
List the prime factors of 103149419.
103149419
What are the prime factors of 39367313?
311, 126583
List the prime factors of 20161940.
2, 5, 157, 6421
List the prime factors of 1631938342.
2, 4799, 170029
List the prime factors of 250519037.
233, 601, 1789
What are the prime factors of 1759289193?
3, 359, 181501
What are the prime factors of 116011633?
8111, 14303
List the prime factors of 1164936416.
2, 7, 37, 140557
List the prime factors of 4888466659.
163, 29990593
What are the prime factors of 71449392?
2, 3, 7, 337, 631
List the prime factors of 229836615.
3, 5, 15322441
List the prime factors of 3504588121.
433, 8093737
List the prime factors of 29126348.
2, 7281587
What are the prime factors of 329458002?
2, 3, 43, 1276969
List the prime factors of 136674030.
2, 3, 5, 19, 239779
List the prime factors of 132855990.
2, 3, 5, 41, 108013
What are the prime factors of 89385025?
5, 19, 188179
List the prime factors of 119480496.
2, 3, 883, 2819
What are the prime factors of 39139012?
2, 11, 19, 46817
List the prime factors of 7187071.
31, 231841
List the prime factors of 273249708.
2, 3, 157, 145037
What are the prime factors of 36225253?
23, 1575011
List the prime factors of 107850940.
2, 5, 127, 42461
List the prime factors of 817409480.
2, 5, 20435237
List the prime factors of 2255750703.
3, 29, 8642723
What are the prime factors of 4025607614?
2, 7, 23, 12501887
What are the prime factors of 268171509?
3, 643, 139021
List the prime factors of 65627100.
2, 3, 5, 7, 11, 947
List the prime factors of 390331014.
2, 3, 1453, 44773
What are the prime factors of 708629977?
11, 23, 251, 11159
What are the prime factors of 4331450905?
5, 479, 1808539
What are the prime factors of 4609080576?
2, 3, 666823
List the prime factors of 491050941.
3, 157, 1042571
List the prime factors of 177306433.
379, 467827
What are the prime factors of 1753463214?
2, 3, 3607949
List the prime factors of 176149834.
2, 7, 67, 187793
What are the prime factors of 4402218?
2, 3, 17, 43159
List the prime factors of 288067038.
2, 3, 7, 271, 25309
What are the prime factors of 1238313705?
3, 5, 82554247
List the prime factors of 6665988.
2, 3, 7, 79357
List the prime factors of 519830071.
7789, 66739
List the prime factors of 1119815082.
2, 3, 2389, 26041
What are the prime factors of 2704936922?
2, 1352468461
List the prime factors of 717405713.
11903, 60271
What are the prime factors of 26668640?
2, 5, 166679
What are the prime factors of 36420169?
19, 53, 59, 613
List the prime factors of 3534009477.
3, 47, 25063897
What are the prime factors of 82609855?
5, 16521971
What are the prime factors of 219490539?
3, 73163513
What are the prime factors of 1816934667?
3, 79, 179, 42829
List the prime factors of 2438081232.
2, 3, 50793359
List the prime factors of 27388288.
2, 37, 5783
List the prime factors of 122513542.
2, 61256771
What are the prime factors of 29345698?
2, 997, 14717
List the prime factors of 5332026760.
2, 5, 133300669
List the prime factors of 203945005.
5, 11, 17, 59, 3697
What are the prime factors of 530517403?
13, 40809031
What are the prime factors of 280458820?
2, 5, 101, 138841
What are the prime factors of 1276273348?
2, 7, 31, 47431
List the prime factors of 37207594.
2, 17, 64373
List the prime factors of 326268811.
11, 17, 1744753
List the prime factors of 2457123316.
2, 614280829
List the prime factors of 57497656.
2, 7187207
What are the prime factors of 37948259?
37948259
List the prime factors of 393256480.
2, 5, 269, 9137
List the prime factors of 1454662491.
3, 13697, 35401
List the prime factors of 116069899.
11, 293, 36013
What are the prime factors of 163454855?
5, 32690971
List the prime factors of 5528413177.
7, 789773311
What are the prime factors of 39081655?
5, 7816331
What are the prime factors of 2151215?
5, 11, 39113
What are the prime factors of 233558362?
2, 116779181
List the prime factors of 3799221.
3, 19, 66653
List the prime factors of 88661544.
2, 3, 1231, 3001
List the prime factors of 7203692.
2, 23, 78301
List the prime factors of 73753967.
7, 1505183
List the prime factors of 599991359.
11, 54544669
What are the prime factors of 4689716883?
3, 17, 91955233
List the prime factors of 32155024.
2, 11, 17, 977
List the prime factors of 611594431.
7, 17, 734207
What are the prime factors of 208466195?
5, 7, 19, 131, 2393
List the prime factors of 1015434625.
5, 8123477
List the prime factors of 254888338.
2, 37, 107, 32191
List the prime factors of 761170803.
3, 167, 251, 6053
List the prime factors of 3754647165.
3, 5, 997, 251063
What are the prime factors of 953441458?
2, 8297, 57457
List the prime factors of 42511082.
2, 21255541
List the prime factors of 228213368.
2, 28526671
What are the prime factors of 76714623?
3, 43, 167, 1187
List the prime factors of 37236607.
37236607
What are the prime factors of 105563112?
2, 3, 4398463
What are the prime factors of 600904378?
2, 2473, 121493
List the prime factors of 440302869.
3, 23, 2127067
What are the prime factors of 411371377?
411371377
List the prime factors of 71600626.
2, 19, 1884227
What are the prime factors of 229832701?
7, 32833243
What are the prime factors of 1